{"id":1527,"date":"2024-01-29T12:33:17","date_gmt":"2024-01-29T16:33:17","guid":{"rendered":"https:\/\/votredefense.com\/ctq-saaq-pevl-cvl-mtq\/"},"modified":"2026-04-06T14:31:17","modified_gmt":"2026-04-06T18:31:17","slug":"ctq-saaq-pevl-cvl-mtq","status":"publish","type":"page","link":"https:\/\/votredefense.com\/es\/areas-de-practica\/ctq-saaq-pevl-cvl-mtq\/","title":{"rendered":"CTQ &#8211; SAAQ &#8211; PEVL &#8211; CVL- MTQ (ES)"},"content":{"rendered":"<div class=\"elementor-element elementor-element-7caf1e3 elementor-widget elementor-widget-text-editor\" data-id=\"7caf1e3\" data-element_type=\"widget\" data-widget_type=\"text-editor.default\">\n<div class=\"elementor-widget-container\">\n<div class=\"elementor-element elementor-element-7caf1e3 elementor-widget elementor-widget-text-editor\" data-id=\"7caf1e3\" data-element_type=\"widget\" data-widget_type=\"text-editor.default\">\n<div class=\"elementor-widget-container\">\n<h3><strong>CTQ &#8211; SAAQ &#8211; PEVL &#8211; CVL &#8211; MTQ<\/strong><\/h3>\n<h3>Nous aidons les camionneurs et propri\u00e9taires de flotte de camions ( PEVL et CVL ) !<\/h3>\n<h5>Nous repr\u00e9sentons les camionneurs pour de nombreuses instances en mati\u00e8re p\u00e9nal et criminel, dont notamment :<\/h5>\n<\/div>\n<\/div>\n<div class=\"elementor-element elementor-element-d5edcab elementor-widget elementor-widget-text-editor\" data-id=\"d5edcab\" data-element_type=\"widget\" data-widget_type=\"text-editor.default\">\n<div class=\"elementor-widget-container\">\n<h3><em><strong>R\u00e8glement sur les\u00a0normes de charges\u00a0et de dimensions applicables aux v\u00e9hicules routiers et ensembles de v\u00e9hicules routiers :<\/strong><\/em><\/h3>\n<ul>\n<li>Charge ou masse exc\u00e9dentaire;<\/li>\n<li>Circulation interdite pour les dimensions du chargement transport\u00e9;<\/li>\n<li>Chargement non solide;<\/li>\n<li>Zone prohib\u00e9e \u2013 circulation interdite;<\/li>\n<li>Marchandise dangereuse;<\/li>\n<\/ul>\n<h3><em><strong>Infractions relatives aux\u00a0v\u00e9rifications obligatoires \u00e0 \u00eatre effectu\u00e9s sur les poids lourds:<\/strong><\/em><\/h3>\n<ul>\n<li>Rapport de v\u00e9rification m\u00e9canique;<\/li>\n<li>Non-muni de deux feux de position rouges;<\/li>\n<li>Feux de plaques d\u00e9fectueux;<\/li>\n<li>Num\u00e9ro d\u2019identification absent;<\/li>\n<li>Garde-boues absents;<\/li>\n<li>Pneus avec anti-d\u00e9rapant non-conforme;<\/li>\n<\/ul>\n<h3><strong>Infractions relatives \u00e0 la r\u00e9glementation sp\u00e9cifique aux camionneurs :<\/strong><\/h3>\n<ul>\n<li>Charge exc\u00e9dentaire sans permis sp\u00e9cial;<\/li>\n<li>V\u00e9hicule lourd avec d\u00e9fectuosit\u00e9 mineure;<\/li>\n<li>V\u00e9hicule lourd non muni d\u2019un syst\u00e8me d\u2019arrimage;<\/li>\n<li>Remise en circulation d\u2019un v\u00e9hicule lourd sans approbation de la SAAQ;<\/li>\n<li>Manquement \u00e0 la v\u00e9rification m\u00e9canique;<\/li>\n<li>Limiteur de vitesse non activ\u00e9;<\/li>\n<li>D\u00e9passement des normes d\u2019\u00e9mission pr\u00e9vue;<\/li>\n<li>Absence du num\u00e9ro d\u2019identification;<\/li>\n<li>Conduite pendant une sanction;<\/li>\n<li>Propri\u00e9taire qui laisse conduire un camionneur sanctionn\u00e9;<\/li>\n<li>Conduite sur voies non autoris\u00e9es;<\/li>\n<li>Obstruction d\u2019une intersection;<\/li>\n<\/ul>\n<h3><em><strong>Infractions relatives au\u00a0Code de la S\u00e9curit\u00e9 routi\u00e8re (Sp\u00e9cifiques aux conducteurs de poids lourds et celles s\u2019appliquant \u00e0 toutes les classes de permis) :<\/strong><\/em><\/h3>\n<ul>\n<li>Port de la ceinture de s\u00e9curit\u00e9<\/li>\n<li>Arr\u00eat-Stop<\/li>\n<li>Lumi\u00e8re rouge<\/li>\n<li>Ligne double de d\u00e9marcation<\/li>\n<li>Feux de position rouge ou jaune d\u00e9fectueux<\/li>\n<li>D\u00e9lit de fuite<\/li>\n<li>Conduite dangereuse<\/li>\n<li>Autobus scolaire<\/li>\n<li>Corridor de s\u00e9curit\u00e9<\/li>\n<li>Cellulaire au volant<\/li>\n<li>Vitesse et GEV<\/li>\n<li>etc.<\/li>\n<\/ul>\n<\/div>\n<\/div>\n<section class=\"elementor-section elementor-inner-section elementor-element elementor-element-47246c1 elementor-section-boxed elementor-section-height-default elementor-section-height-default jet-parallax-section\" data-id=\"47246c1\" data-element_type=\"section\" data-settings=\"{&quot;jet_parallax_layout_list&quot;:[{&quot;jet_parallax_layout_image&quot;:{&quot;url&quot;:&quot;&quot;,&quot;id&quot;:&quot;&quot;,&quot;size&quot;:&quot;&quot;},&quot;_id&quot;:&quot;0b4ea6d&quot;,&quot;jet_parallax_layout_image_tablet&quot;:{&quot;url&quot;:&quot;&quot;,&quot;id&quot;:&quot;&quot;,&quot;size&quot;:&quot;&quot;},&quot;jet_parallax_layout_image_mobile&quot;:{&quot;url&quot;:&quot;&quot;,&quot;id&quot;:&quot;&quot;,&quot;size&quot;:&quot;&quot;},&quot;jet_parallax_layout_speed&quot;:{&quot;unit&quot;:&quot;%&quot;,&quot;size&quot;:50,&quot;sizes&quot;:[]},&quot;jet_parallax_layout_type&quot;:&quot;scroll&quot;,&quot;jet_parallax_layout_direction&quot;:null,&quot;jet_parallax_layout_fx_direction&quot;:null,&quot;jet_parallax_layout_z_index&quot;:&quot;&quot;,&quot;jet_parallax_layout_bg_x&quot;:50,&quot;jet_parallax_layout_bg_x_tablet&quot;:&quot;&quot;,&quot;jet_parallax_layout_bg_x_mobile&quot;:&quot;&quot;,&quot;jet_parallax_layout_bg_y&quot;:50,&quot;jet_parallax_layout_bg_y_tablet&quot;:&quot;&quot;,&quot;jet_parallax_layout_bg_y_mobile&quot;:&quot;&quot;,&quot;jet_parallax_layout_bg_size&quot;:&quot;auto&quot;,&quot;jet_parallax_layout_bg_size_tablet&quot;:&quot;&quot;,&quot;jet_parallax_layout_bg_size_mobile&quot;:&quot;&quot;,&quot;jet_parallax_layout_animation_prop&quot;:&quot;transform&quot;,&quot;jet_parallax_layout_on&quot;:[&quot;desktop&quot;,&quot;tablet&quot;]}]}\">\n<div class=\"jet-parallax-section__layout elementor-repeater-item-0b4ea6d jet-parallax-section__scroll-layout\">\n<div class=\"jet-parallax-section__image\"><\/div>\n<\/div>\n<div class=\"elementor-container elementor-column-gap-default\">\n<div class=\"elementor-column elementor-col-100 elementor-inner-column elementor-element elementor-element-6d51024\" data-id=\"6d51024\" data-element_type=\"column\">\n<div class=\"elementor-widget-wrap elementor-element-populated\">\n<div class=\"elementor-element elementor-element-df206b7 elementor-widget elementor-widget-text-editor\" data-id=\"df206b7\" data-element_type=\"widget\" data-widget_type=\"text-editor.default\">\n<div class=\"elementor-widget-container\">\n<h3><strong>Conducteur de v\u00e9hicules lourds :<\/strong><\/h3>\n<p><em>Soyez vigilants et \u00e9vitez d\u2019\u00eatre doublement p\u00e9nalis\u00e9s !<\/em><\/p>\n<p>Saviez-vous qu\u2019une m\u00eame contravention peut entra\u00eener l\u2019inscription de points d\u2019inaptitudes et de points PEVL et CVL.<\/p>\n<p>Par exemple, une condamnation suite \u00e0 une contravention pour utilisation ill\u00e9gale d\u2019un t\u00e9l\u00e9phone cellulaire ou d\u2019un appareil portatif vis\u00e9 \u00e0 l\u2019article 443.1 du Code de la s\u00e9curit\u00e9 routi\u00e8re du Qu\u00e9bec m\u00e8nera automatiquement \u00e0 l\u2019inscription de points d\u2019inaptitude sur votre dossier de conduite personnel et de points PEVL ou CVL \u00e0 votre dossier reli\u00e9 aux v\u00e9hicules lourds.<\/p>\n<p>Par ailleurs il est important d\u2019\u00eatre inform\u00e9 qu\u2019une contravention qui ne comporte aucun point d\u2019inaptitude \u2018\u2019 r\u00e9gulier\u2019\u2019 entra\u00eene pour les conducteurs de v\u00e9hicules lourds des cons\u00e9quences diff\u00e9rentes.<\/p>\n<p>Ainsi un constat d\u2019infraction pour un feu jaune ne comporte pas de point d\u2019inaptitude, mais entra\u00eene l\u2019inscription de 3 points PEVL ou CVL \u00e0 votre dossier reli\u00e9 aux v\u00e9hicules lourds.<\/p>\n<p>Contactez- nous afin de trouver la solution appropri\u00e9e \u00e0 votre situation personnelle.<\/p>\n<\/div>\n<\/div>\n<\/div>\n<\/div>\n<\/div>\n<\/section>\n<div class=\"elementor-element elementor-element-47940bd elementor-widget elementor-widget-text-editor\" data-id=\"47940bd\" data-element_type=\"widget\" data-widget_type=\"text-editor.default\">\n<div class=\"elementor-widget-container\">\n<h3>Commission des transports du Qu\u00e9bec pour propri\u00e9taire ou exploitant de v\u00e9hicules lourds :<\/h3>\n<p>Pr\u00e9paration \u00e0 une audition devant la Commission des transports du Qu\u00e9bec pour propri\u00e9taire ou exploitant de v\u00e9hicules lourds.<\/p>\n<p>Si vous \u00eates convoqu\u00e9 par la CTQ ( Commission des transports du Qu\u00e9bec ) pour la v\u00e9rification de votre comportement en tant que propri\u00e9taire ou exploitant de v\u00e9hicules lourds ou en tant que conducteur de v\u00e9hicules lourds, nous pouvons vous aider \u00e0 vous pr\u00e9parer.<\/p>\n<p>Nos avocats sp\u00e9cialis\u00e9s dans le domaine sauront vous offrir la pr\u00e9paration n\u00e9cessaire \u00e0 l\u2019audience devant la Commission des transports du Qu\u00e9bec.<\/p>\n<p>\u00c9galement, ils vous accompagneront afin de faire les repr\u00e9sentations devant le commissaire charg\u00e9 de l\u2019\u00e9tude de votre dossier. Cette assistance de la part de nos avocats, maximisera vos chances de maintenir une cote de s\u00e9curit\u00e9 au niveau \u00ab satisfaisant \u00bb et de conserver votre privil\u00e8ge de conduire des v\u00e9hicules lourds.<\/p>\n<p>Nous savons que ces audiences sont importantes puis qu\u2019elles vous permettent d\u2019exercer votre profession et de conserver votre flotte de camions.<\/p>\n<\/div>\n<\/div>\n<div class=\"elementor-element elementor-element-e03ef2e elementor-widget elementor-widget-text-editor\" data-id=\"e03ef2e\" data-element_type=\"widget\" data-widget_type=\"text-editor.default\">\n<div class=\"elementor-widget-container\">\n<h2>N\u2019attendez pas qu\u2019il soit trop tard !<\/h2>\n<h2>Contactez-nous 514 990-7884<\/h2>\n<\/div>\n<\/div>\n<\/div>\n<\/div>\n<div class=\"elementor-element elementor-element-47940bd elementor-widget elementor-widget-text-editor\" data-id=\"47940bd\" data-element_type=\"widget\" data-widget_type=\"text-editor.default\">\n<div class=\"elementor-widget-container\">\n<p><a href=\"https:\/\/www.solutionticket.com\/contravention-camionneur\/\" target=\"_blank\" rel=\"noopener\"><img loading=\"lazy\" decoding=\"async\" class=\"alignnone size-medium wp-image-1344\" src=\"https:\/\/votredefense.com\/wp-content\/uploads\/2024\/01\/397915834_743817861118790_8492465662957063387_n-300x300.jpg\" alt=\"\" width=\"300\" height=\"300\" srcset=\"https:\/\/votredefense.com\/wp-content\/uploads\/2024\/01\/397915834_743817861118790_8492465662957063387_n-300x300.jpg 300w, https:\/\/votredefense.com\/wp-content\/uploads\/2024\/01\/397915834_743817861118790_8492465662957063387_n-150x150.jpg 150w, https:\/\/votredefense.com\/wp-content\/uploads\/2024\/01\/397915834_743817861118790_8492465662957063387_n.jpg 600w\" sizes=\"auto, (max-width: 300px) 100vw, 300px\" \/><br \/>\n<\/a><\/p>\n<\/div>\n<\/div>\n","protected":false},"excerpt":{"rendered":"<p>CTQ &#8211; SAAQ &#8211; PEVL &#8211; CVL &#8211; MTQ Nous aidons les camionneurs et propri\u00e9taires de flotte de camions ( PEVL et CVL ) ! Nous repr\u00e9sentons les camionneurs pour de nombreuses instances en mati\u00e8re p\u00e9nal et criminel, dont notamment&#8230;<\/p>\n","protected":false},"author":4,"featured_media":0,"parent":1574,"menu_order":0,"comment_status":"closed","ping_status":"closed","template":"my-templates\/template-fullwidth.php","meta":{"footnotes":""},"class_list":["post-1527","page","type-page","status-publish","hentry"],"_links":{"self":[{"href":"https:\/\/votredefense.com\/es\/wp-json\/wp\/v2\/pages\/1527","targetHints":{"allow":["GET"]}}],"collection":[{"href":"https:\/\/votredefense.com\/es\/wp-json\/wp\/v2\/pages"}],"about":[{"href":"https:\/\/votredefense.com\/es\/wp-json\/wp\/v2\/types\/page"}],"author":[{"embeddable":true,"href":"https:\/\/votredefense.com\/es\/wp-json\/wp\/v2\/users\/4"}],"replies":[{"embeddable":true,"href":"https:\/\/votredefense.com\/es\/wp-json\/wp\/v2\/comments?post=1527"}],"version-history":[{"count":2,"href":"https:\/\/votredefense.com\/es\/wp-json\/wp\/v2\/pages\/1527\/revisions"}],"predecessor-version":[{"id":1698,"href":"https:\/\/votredefense.com\/es\/wp-json\/wp\/v2\/pages\/1527\/revisions\/1698"}],"up":[{"embeddable":true,"href":"https:\/\/votredefense.com\/es\/wp-json\/wp\/v2\/pages\/1574"}],"wp:attachment":[{"href":"https:\/\/votredefense.com\/es\/wp-json\/wp\/v2\/media?parent=1527"}],"curies":[{"name":"wp","href":"https:\/\/api.w.org\/{rel}","templated":true}]}}

<div class="elementor-element elementor-element-7caf1e3 elementor-widget elementor-widget-text-editor" data-id="7caf1e3" data-element_type="widget" data-widget_type="text-editor.default">
<div class="elementor-widget-container">
<div class="elementor-element elementor-element-7caf1e3 elementor-widget elementor-widget-text-editor" data-id="7caf1e3" data-element_type="widget" data-widget_type="text-editor.default">
<div class="elementor-widget-container">
<h3><strong>CTQ &#8211; SAAQ &#8211; PEVL &#8211; CVL &#8211; MTQ</strong></h3>
<h3>Nous aidons les camionneurs et propriétaires de flotte de camions ( PEVL et CVL ) !</h3>
<h5>Nous représentons les camionneurs pour de nombreuses instances en matière pénal et criminel, dont notamment :</h5>
</div>
</div>
<div class="elementor-element elementor-element-d5edcab elementor-widget elementor-widget-text-editor" data-id="d5edcab" data-element_type="widget" data-widget_type="text-editor.default">
<div class="elementor-widget-container">
<h3><em><strong>Règlement sur les normes de charges et de dimensions applicables aux véhicules routiers et ensembles de véhicules routiers :</strong></em></h3>
<ul>
<li>Charge ou masse excédentaire;</li>
<li>Circulation interdite pour les dimensions du chargement transporté;</li>
<li>Chargement non solide;</li>
<li>Zone prohibée – circulation interdite;</li>
<li>Marchandise dangereuse;</li>
</ul>
<h3><em><strong>Infractions relatives aux vérifications obligatoires à être effectués sur les poids lourds:</strong></em></h3>
<ul>
<li>Rapport de vérification mécanique;</li>
<li>Non-muni de deux feux de position rouges;</li>
<li>Feux de plaques défectueux;</li>
<li>Numéro d’identification absent;</li>
<li>Garde-boues absents;</li>
<li>Pneus avec anti-dérapant non-conforme;</li>
</ul>
<h3><strong>Infractions relatives à la réglementation spécifique aux camionneurs :</strong></h3>
<ul>
<li>Charge excédentaire sans permis spécial;</li>
<li>Véhicule lourd avec défectuosité mineure;</li>
<li>Véhicule lourd non muni d’un système d’arrimage;</li>
<li>Remise en circulation d’un véhicule lourd sans approbation de la SAAQ;</li>
<li>Manquement à la vérification mécanique;</li>
<li>Limiteur de vitesse non activé;</li>
<li>Dépassement des normes d’émission prévue;</li>
<li>Absence du numéro d’identification;</li>
<li>Conduite pendant une sanction;</li>
<li>Propriétaire qui laisse conduire un camionneur sanctionné;</li>
<li>Conduite sur voies non autorisées;</li>
<li>Obstruction d’une intersection;</li>
</ul>
<h3><em><strong>Infractions relatives au Code de la Sécurité routière (Spécifiques aux conducteurs de poids lourds et celles s’appliquant à toutes les classes de permis) :</strong></em></h3>
<ul>
<li>Port de la ceinture de sécurité</li>
<li>Arrêt-Stop</li>
<li>Lumière rouge</li>
<li>Ligne double de démarcation</li>
<li>Feux de position rouge ou jaune défectueux</li>
<li>Délit de fuite</li>
<li>Conduite dangereuse</li>
<li>Autobus scolaire</li>
<li>Corridor de sécurité</li>
<li>Cellulaire au volant</li>
<li>Vitesse et GEV</li>
<li>etc.</li>
</ul>
</div>
</div>
<section class="elementor-section elementor-inner-section elementor-element elementor-element-47246c1 elementor-section-boxed elementor-section-height-default elementor-section-height-default jet-parallax-section" data-id="47246c1" data-element_type="section" data-settings="{&quot;jet_parallax_layout_list&quot;:[{&quot;jet_parallax_layout_image&quot;:{&quot;url&quot;:&quot;&quot;,&quot;id&quot;:&quot;&quot;,&quot;size&quot;:&quot;&quot;},&quot;_id&quot;:&quot;0b4ea6d&quot;,&quot;jet_parallax_layout_image_tablet&quot;:{&quot;url&quot;:&quot;&quot;,&quot;id&quot;:&quot;&quot;,&quot;size&quot;:&quot;&quot;},&quot;jet_parallax_layout_image_mobile&quot;:{&quot;url&quot;:&quot;&quot;,&quot;id&quot;:&quot;&quot;,&quot;size&quot;:&quot;&quot;},&quot;jet_parallax_layout_speed&quot;:{&quot;unit&quot;:&quot;%&quot;,&quot;size&quot;:50,&quot;sizes&quot;:[]},&quot;jet_parallax_layout_type&quot;:&quot;scroll&quot;,&quot;jet_parallax_layout_direction&quot;:null,&quot;jet_parallax_layout_fx_direction&quot;:null,&quot;jet_parallax_layout_z_index&quot;:&quot;&quot;,&quot;jet_parallax_layout_bg_x&quot;:50,&quot;jet_parallax_layout_bg_x_tablet&quot;:&quot;&quot;,&quot;jet_parallax_layout_bg_x_mobile&quot;:&quot;&quot;,&quot;jet_parallax_layout_bg_y&quot;:50,&quot;jet_parallax_layout_bg_y_tablet&quot;:&quot;&quot;,&quot;jet_parallax_layout_bg_y_mobile&quot;:&quot;&quot;,&quot;jet_parallax_layout_bg_size&quot;:&quot;auto&quot;,&quot;jet_parallax_layout_bg_size_tablet&quot;:&quot;&quot;,&quot;jet_parallax_layout_bg_size_mobile&quot;:&quot;&quot;,&quot;jet_parallax_layout_animation_prop&quot;:&quot;transform&quot;,&quot;jet_parallax_layout_on&quot;:[&quot;desktop&quot;,&quot;tablet&quot;]}]}">
<div class="jet-parallax-section__layout elementor-repeater-item-0b4ea6d jet-parallax-section__scroll-layout">
<div class="jet-parallax-section__image"></div>
</div>
<div class="elementor-container elementor-column-gap-default">
<div class="elementor-column elementor-col-100 elementor-inner-column elementor-element elementor-element-6d51024" data-id="6d51024" data-element_type="column">
<div class="elementor-widget-wrap elementor-element-populated">
<div class="elementor-element elementor-element-df206b7 elementor-widget elementor-widget-text-editor" data-id="df206b7" data-element_type="widget" data-widget_type="text-editor.default">
<div class="elementor-widget-container">
<h3><strong>Conducteur de véhicules lourds :</strong></h3>
<p><em>Soyez vigilants et évitez d’être doublement pénalisés !</em></p>
<p>Saviez-vous qu’une même contravention peut entraîner l’inscription de points d’inaptitudes et de points PEVL et CVL.</p>
<p>Par exemple, une condamnation suite à une contravention pour utilisation illégale d’un téléphone cellulaire ou d’un appareil portatif visé à l’article 443.1 du Code de la sécurité routière du Québec mènera automatiquement à l’inscription de points d’inaptitude sur votre dossier de conduite personnel et de points PEVL ou CVL à votre dossier relié aux véhicules lourds.</p>
<p>Par ailleurs il est important d’être informé qu’une contravention qui ne comporte aucun point d’inaptitude ‘’ régulier’’ entraîne pour les conducteurs de véhicules lourds des conséquences différentes.</p>
<p>Ainsi un constat d’infraction pour un feu jaune ne comporte pas de point d’inaptitude, mais entraîne l’inscription de 3 points PEVL ou CVL à votre dossier relié aux véhicules lourds.</p>
<p>Contactez- nous afin de trouver la solution appropriée à votre situation personnelle.</p>
</div>
</div>
</div>
</div>
</div>
</section>
<div class="elementor-element elementor-element-47940bd elementor-widget elementor-widget-text-editor" data-id="47940bd" data-element_type="widget" data-widget_type="text-editor.default">
<div class="elementor-widget-container">
<h3>Commission des transports du Québec pour propriétaire ou exploitant de véhicules lourds :</h3>
<p>Préparation à une audition devant la Commission des transports du Québec pour propriétaire ou exploitant de véhicules lourds.</p>
<p>Si vous êtes convoqué par la CTQ ( Commission des transports du Québec ) pour la vérification de votre comportement en tant que propriétaire ou exploitant de véhicules lourds ou en tant que conducteur de véhicules lourds, nous pouvons vous aider à vous préparer.</p>
<p>Nos avocats spécialisés dans le domaine sauront vous offrir la préparation nécessaire à l’audience devant la Commission des transports du Québec.</p>
<p>Également, ils vous accompagneront afin de faire les représentations devant le commissaire chargé de l’étude de votre dossier. Cette assistance de la part de nos avocats, maximisera vos chances de maintenir une cote de sécurité au niveau « satisfaisant » et de conserver votre privilège de conduire des véhicules lourds.</p>
<p>Nous savons que ces audiences sont importantes puis qu’elles vous permettent d’exercer votre profession et de conserver votre flotte de camions.</p>
</div>
</div>
<div class="elementor-element elementor-element-e03ef2e elementor-widget elementor-widget-text-editor" data-id="e03ef2e" data-element_type="widget" data-widget_type="text-editor.default">
<div class="elementor-widget-container">
<h2>N’attendez pas qu’il soit trop tard !</h2>
<h2>Contactez-nous 514 990-7884</h2>
</div>
</div>
</div>
</div>
<div class="elementor-element elementor-element-47940bd elementor-widget elementor-widget-text-editor" data-id="47940bd" data-element_type="widget" data-widget_type="text-editor.default">
<div class="elementor-widget-container">
<p><a href="https://www.solutionticket.com/contravention-camionneur/" target="_blank" rel="noopener"><img loading="lazy" decoding="async" class="alignnone size-medium wp-image-1344" src="https://votredefense.com/wp-content/uploads/2024/01/397915834_743817861118790_8492465662957063387_n-300x300.jpg" alt="" width="300" height="300" srcset="https://votredefense.com/wp-content/uploads/2024/01/397915834_743817861118790_8492465662957063387_n-300x300.jpg 300w, https://votredefense.com/wp-content/uploads/2024/01/397915834_743817861118790_8492465662957063387_n-150x150.jpg 150w, https://votredefense.com/wp-content/uploads/2024/01/397915834_743817861118790_8492465662957063387_n.jpg 600w" sizes="auto, (max-width: 300px) 100vw, 300px" /><br />
</a></p>
</div>
</div>

<p>CTQ &#8211; SAAQ &#8211; PEVL &#8211; CVL &#8211; MTQ Nous aidons les camionneurs et propriétaires de flotte de camions ( PEVL et CVL ) ! Nous représentons les camionneurs pour de nombreuses instances en matière pénal et criminel, dont notamment&#8230;</p>
